p) = -5*j(p) - 4*s(p). What is b(-7)?
-9
Let p(s) = -237*s + 252. Let z be p(1). Let v(b) = -b**2 + 17*b + 3. Give v(z).
33
Let x(w) be the third derivative of -w**6/360 + 2*w**5/15 + 25*w**4/8 - 112*w**2. Let t(s) be the second derivative of x(s). What is t(11)?
-6
Let u(k) = k**3 + 8 - 6 + 16*k**2 + 10*k**2 - 40*k**2 + 10*k**2 - 12*k. What is u(6)?
2
Let o(h) = -3*h**3 + 10 + 0 - 14*h**2 - 17*h + 4*h**3 + 8 + 2. Let n be 2*-30*(-1)/4. What is o(n)?
-10
Let h be ((-30)/(-4))/(-1*3)*-2. Suppose h*o - 152 = 138. Let l = o + -56. Let m(v) = 5*v - 1. Calculate m(l).
9
Let r be ((40/8)/5)/((-2)/134). Let h = r + 73. Let u(f) = 9*f + f**2 - 9 + f - 2*f**2. What is u(h)?
15
Let g(q) = 0*q - 5 - 12 + 5*q + 12. Let l(b) = b**2 - 25*b + 24. Let w(k) = 11*g(k) + 2*l(k). Determine w(-7).
56
Let z(g) = 6*g + 47. Let q(j) = 920*j - 6449. Let t be q(7). Determine z(t).
-7
Let q(u) = 3*u**3 + u**2 - 2*u + 1. Let f(y) = -2*y**3 - 3*y**2 + 7*y + 9. Let d be f(-5). Let r = 150 - d. Calculate q(r).
3
Let m(q) = 2*q**2 + 11*q - 11. Let r be m(7). Let u = r - 159. Let a(i) = i**2 - 6*i + 5. Calculate a(u).
0
Let i(v) = -46 + v**3 + 4*v**2 + 8 + 18 + 1 + 15 + v. Give i(-2).
2
Let c = 32 + -55. Let n = 23 + c. Let d(k) = 11*k + 0*k + 6 - 12*k. Calculate d(n).
6
Let k = -59504 - -59508. Let p = 8 - 6. Let a(n) = 0*n + 0 - 2 + 2*n**p - n**3 + 6*n. Calculate a(k).
-10
Let f be 18/2 - 7 - (-2 - 0/(-1)). Let q(c) be the third derivative of -1/60*c**5 + 0 - 5/12*c**f + 22*c**2 - 3/2*c**3 + 0*c. Give q(-6).
15
Let z = -11 + 5. Suppose -x - d = -10, -x - 11 = -5*d + 3. Let k(p) = x + 0 - 8 - p**2 - 2 - 6*p. Give k(z).
-4
Let m(h) be the third derivative of -5*h**4/12 + 40*h**3/3 + 383*h**2. What is m(10)?
-20
Let u(z) be the first derivative of z**3/3 - 9*z**2/2 + 2*z + 9. Let g = 689 - 680. What is u(g)?
2
Let i = 233 + -233. Suppose -3*l + z + 12 = i, 0 = 4*l - 3*z - 20 + 4. Let n(u) = 7*u - 4. Calculate n(l).
24
Let x(c) = -7*c**3 + 8*c**2 + 4*c + 13. Let t(i) = 3*i**3 - 4*i**2 - 2*i - 7. Let l = -15 - -10. Let f(p) = l*t(p) - 2*x(p). Determine f(5).
-6
Suppose 0 = -10*w - 29*w - 169*w. Let g(h) = -h**2 + 2*h - 109. Determine g(w).
-109
Suppose 23*k = 19*k. Suppose -8*w + 4 + 28 = k. Let x(t) = t**3 - 3*t**2 - 2*t - 2. What is x(w)?
6
Let u(k) = k - 12. Let p(y) = 6*y - 76. Let v(f) = -2*p(f) + 14*u(f). Calculate v(4).
-8
Let p(d) = d**3 - d**2 - d + 6. Let w be (6 + -1)*(-28)/(-35). Suppose -7*z + 11*z = -w. Let x be (-4)/z - (-9 - -13). Determine p(x).
6
Let h be (-7 - -6)*(-4 + (-3 - -6)). Let j be 50/(-175) + (88/14 - h). Let c(b) = -b**2 + 4*b + 5. Let z(y) = -1. Let l(p) = -c(p) - z(p). Calculate l(j).
1
Suppose 16 = -12*a + 16*a. Suppose 2*j = a*x + 14, -9*j + 8*j + 5 = -x. Let o(d) = 39*d - 5. Let v(m) = -20*m + 3. Let y(g) = -6*o(g) - 11*v(g). What is y(x)?
25
Let g(w) = 1274 - 2602 - 12*w + 1261. Calculate g(-6).
5
Let n(x) = -3*x + 4*x + 1 + 0*x. Let w = -498 - -513. Suppose -w*z + 51 = -10*z + 4*r, -5*r = -3*z + 1. Give n(z).
8
Let d be 192/5*200/80. Let x be 2/(-12) + ((-16592)/d)/(-17). Let s(v) = -4*v + 1. Let w(u) = -3*u + 1. Let k(q) = 5*s(q) - 7*w(q). Calculate k(x).
8
Let y be 4*(-8)/((-64)/(-6)). Let z(h) = -3*h - 8. Let f be z(-6). Let p(i) = -5*i - 2 + i**2 + f*i + 0 - i. What is p(y)?
-5
Let v(l) = 3*l - 19. Let p be v(7). Let d be (76/8)/(5/p + -2). Let a = d + -19. Let c(h) = -h**3 + h - 2. Determine c(a).
-2
Let d(u) = 2 + 38605*u**3 - 2 - 38595*u**3. Suppose 8 = 2*s - 0. Suppose -3*x + 6*x - 14 = -5*p, 4*p + s*x = 16. Calculate d(p).
10
Let c(a) = 136*a**2 + 3*a + 1. Let l(g) = g**2 + 14*g + 23. Let h be l(-12). Let y be c(h). Let w(t) = y - 68 - 67 - 14*t**3. Calculate w(1).
-15
Let b(r) = -r**2 - 20*r + 5. Let y be b(-20). Let z(l) = -l**3 + 6 + 5*l**2 + 2911*l - 2911*l. What is z(y)?
6
Let g be (-3248)/319 + (-2)/(-11). Let a = g + 5. Let z(n) = n**2 + 4*n. What is z(a)?
5
Let d(w) = -w**2 - 6*w + 5. Let a(p) = 4*p**2 - 25*p + 18. Let h(m) = m**2 - 8*m + 6. Let z(t) = -2*a(t) + 7*h(t). Let l(x) = -3*d(x) + 4*z(x). Calculate l(-7).
2
Let f(w) = -149*w**2 + 1343*w - 25. Let i be f(9). Let z(j) = j**3 + 7*j**2 - j - 9. Give z(i).
-2
Let o(j) = -j**2 - 6*j - 4. Let a(y) be the first derivative of y**3/3 - y**2 - 15*y - 40. Let w be a(4). Give o(w).
-11
Let w be (2/3)/((-106)/(-159)). Let o(t) = t**2 - t. Let a(m) = 5*m**2 - 13*m + 15. Let y(k) = w*a(k) - 4*o(k). Calculate y(7).
1
Let c(d) = -3*d**3 + 19*d**2 - 3*d + 20. Let n(w) = w**3 - 5*w**2 + w + 1. Let t(f) = -c(f) - 4*n(f). Calculate t(0).
-24
Let k(z) = -27*z**3 + 22*z**2 - z - 5. Let d(f) = 27*f**3 - 27*f**2 + f + 6. Let j(c) = -4*d(c) - 5*k(c). Determine j(1).
27
Let r(h) = -4*h - 10. Suppose 4 = 6*s - 14. Let t(y) = 14*y + 32. Let f(g) = s*t(g) + 10*r(g). Let u be ((-12)/8)/((-1)/2). Calculate f(u).
2
Let r(c) be the third derivative of -c**5/60 + c**4/6 + 10*c**3/3 - 2*c**2 + 2443. Calculate r(13).
-97
Let d(p) be the second derivative of 1/6*p**4 + 0 + 2*p**2 + 7/6*p**3 - 60*p. Let q(z) = z**3 + 10*z**2 - 4. Let s be q(-10). Determine d(s).
8
Let z = 9722 + -97217/10. Let t(n) be the second derivative of 1/3*n**3 + 17*n - 1/12*n**4 - 1/2*n**2 + z*n**5 + 0. What is t(1)?
6
Suppose -3*g + 54 = 5*x + 18, 0 = -x - 2*g + 10. Suppose -r - 2*r - 17 = 4*b, 9 = -r - 2*b. Let j(f) = -6 - r + 3*f + 0. Determine j(x).
11
Let z(a) be the first derivative of -a**4/4 + 7*a**3/3 + 9*a**2/2 - 8*a - 73. Let d(o) = o**3 + 20*o**2 + 18*o - 11. Let n be d(-19). What is z(n)?
0
Let x(d) = 14*d**2 - 10*d - 15. Let l(y) = -66*y - 4688. Let v be l(-71). Determine x(v).
61
Let d = 17 + -12. Let j(a) = 3*a**2 - 7*a - 3. Let u(p) = -p**2 + p. Suppose -o - 5 = -4. Let z(g) = o*u(g) - j(g). What is z(d)?
-17
Let a(u) = 40*u**3 - 28*u**2 - 8*u - 5. Let q(d) = -10*d**3 + 6*d**2 + 2*d + 1. Let n(i) = 2*a(i) + 9*q(i). Determine n(1).
-11
Let s(o) = -13*o**3 - 7*o**2 + 6. Let w(u) = 0*u**3 + 0*u**2 + 4*u**2 - u**2 + 3*u**3 - 3 + 2*u**3. Let q(v) = -2*s(v) - 5*w(v). Calculate q(0).
3
Let v(q) = -q**3 - 5*q**2 - 10*q - 5. Suppose 21 = -3*x - 3*n, -23 = 3*x + 555*n - 551*n. What is v(x)?
45
Let k(r) = -2218*r - r**3 + 7 - 5*r**2 + 740*r + 748*r + 736*r. Suppose -v + 1 = -f, -8 = -2*f - 0*v + 4*v. What is k(f)?
7
Let y = 8541 + -8532. Let u(q) = -q**3 + 10*q**2 - 5*q + 3. Calculate u(y).
39
Let b = 3715 - 3689. Let j(m) = -4*m + 112. Give j(b).
8
Let q(v) = -2*v**3 - 5*v**2 + 2*v - 17. Let f(y) = y**3 + 2*y**2 - y + 8. Let g(t) = 5*f(t) + 2*q(t). Let o be (18/(-24) - 6/(-8))/2. Give g(o).
6
Let n(m) = -5*m**3 + 4*m**2 + m + 5. Let r(o) = 16*o**3 - 11*o**2 - 5*o - 14. Let a(v) = -13*n(v) - 4*r(v). What is a(7)?
-9
Let q(i) = i**3 + 2*i**2 - i - 5. Let n = -87 + 90. Suppose 5*x + n = -0*j - 3*j, -2*j = 2. Determine q(x).
-5
Let k(i) = 11*i**3 + 62*i**2 + 13*i - 56. Let f(w) = -5*w**3 - 31*w**2 - 6*w + 26. Let z(v) = -13*f(v) - 6*k(v). Determine z(31).
-2
Let r(k) be the first derivative of -k**4/2 - 2*k**3/3 + k**2/2 + k + 1. Let g be 10/(-5 - (-14)/2). Suppose 8*a = g*a + 3*s - 6, s = -a - 2. Calculate r(a).
7
Let j(s) = -s**2 - 10*s - 3. Suppose -5*t + 5*f - 40 = 0, -5*t - 2*f - 61 = -0*t. What is j(t)?
-14
Let i(b) = -4*b - 1. Let q be i(1). Let c(g) = 17*g + 4. Let n(w) = 38*w + 9. Let r(m) = 9*c(m) - 4*n(m). Give r(q).
-5
Let v be 1/(3 - 0 - (-1104)/(-372)). Let n = v + -26. Let w(q) = -2*q**3 + 4*q**2 + q**3 + 4 + 0*q + 3*q. Calculate w(n).
-6
Let c(k) be the second derivative of -1/12*k**4 - 83*k + 0 + 2*k**2 - 1/2*k**3. Calculate c(-6).
-14
Let u(v) be the third derivative of v**5/20 + 23*v**4/24 + 23*v**3/6 + 1775*v**2. Calculate u(-6).
-7
Let h(a) = a**2 - 11*a + 12. Suppose 20*x = 89 + 91. Determine h(x).
-6
Suppose 5*a = -0*a + 100. Suppose 2*j = j + a. Let r be 1/(j/8)*-5. Let c(o) = -o**2 - 2*o - 3. Calculate c(r).
-3
Let x(s) = -s**2 - 3*s - 1. Let r(j) = j**2 + 10*j - 53. Let q be 81/(-6) - (-3)/6. Let i be r(q). Let d = 18 + i. Calculate x(d).
-29
Suppose 3*g + 45 = q, q = -2*g - 3*q - 30. Let d(o) be the third derivative of -o**4/24 - 5*o**3/3 - 2*o**2. What is d(g)?
5
Let l be (-2)/5 + 1 + 90/(-25). Let x be (3 + -3 + -2)*(l + 2). Let c(j) = 8*j - 5*j**3 + 14*j**2 + 13*j**2 + 2 + 4*j**3 - 20*j**x. Calculate c(8).
2
Let i(p) = -2*p**3 + 12*p**2 + 6*p + 2. Let b be i(6). Suppose b*z - 45 = 43*z. Let h(